{"id":332,"date":"2018-06-20T09:30:34","date_gmt":"2018-06-20T09:30:34","guid":{"rendered":"https:\/\/demos.uptitude.fr\/savviry1\/?post_type=mp-event&#038;p=332"},"modified":"2024-07-03T17:41:00","modified_gmt":"2024-07-03T15:41:00","slug":"messe-saint-martin-ete-2024","status":"publish","type":"mp-event","link":"https:\/\/demos.uptitude.fr\/savviry1\/timetable\/event\/messe-saint-martin-ete-2024\/","title":{"rendered":"Messe \u00e0 Saint Martin pendant l&rsquo;\u00e9t\u00e9"},"content":{"rendered":"<p>Pendant l&rsquo;\u00e9t\u00e9 2024, les messes \u00e0 Saint Martin auront lieu le dimanche \u00e0 9h30.<\/p>\n","protected":false},"excerpt":{"rendered":"<p>Pendant l&rsquo;\u00e9t\u00e9 2024, les messes \u00e0 Saint Martin auront lieu le dimanche \u00e0 9h30.<\/p>\n","protected":false},"author":1,"featured_media":160,"menu_order":0,"comment_status":"open","ping_status":"closed","template":"","mp-event_category":[],"mp-event_tag":[],"class_list":["post-332","mp-event","type-mp-event","status-publish","has-post-thumbnail","hentry","mp-event-item"],"_links":{"self":[{"href":"https:\/\/demos.uptitude.fr\/savviry1\/wp-json\/wp\/v2\/mp-event\/332","targetHints":{"allow":["GET"]}}],"collection":[{"href":"https:\/\/demos.uptitude.fr\/savviry1\/wp-json\/wp\/v2\/mp-event"}],"about":[{"href":"https:\/\/demos.uptitude.fr\/savviry1\/wp-json\/wp\/v2\/types\/mp-event"}],"author":[{"embeddable":true,"href":"https:\/\/demos.uptitude.fr\/savviry1\/wp-json\/wp\/v2\/users\/1"}],"replies":[{"embeddable":true,"href":"https:\/\/demos.uptitude.fr\/savviry1\/wp-json\/wp\/v2\/comments?post=332"}],"wp:featuredmedia":[{"embeddable":true,"href":"https:\/\/demos.uptitude.fr\/savviry1\/wp-json\/wp\/v2\/media\/160"}],"wp:attachment":[{"href":"https:\/\/demos.uptitude.fr\/savviry1\/wp-json\/wp\/v2\/media?parent=332"}],"wp:term":[{"taxonomy":"mp-event_category","embeddable":true,"href":"https:\/\/demos.uptitude.fr\/savviry1\/wp-json\/wp\/v2\/mp-event_category?post=332"},{"taxonomy":"mp-event_tag","embeddable":true,"href":"https:\/\/demos.uptitude.fr\/savviry1\/wp-json\/wp\/v2\/mp-event_tag?post=332"}],"curies":[{"name":"wp","href":"https:\/\/api.w.org\/{rel}","templated":true}]}}

Messe à Saint Martin pendant l&rsquo;été

<p>Pendant l&rsquo;été 2024, les messes à Saint Martin auront lieu le dimanche à 9h30.</p>
