{"id":145,"date":"2017-03-11T08:27:58","date_gmt":"2017-03-11T08:27:58","guid":{"rendered":"http:\/\/www.savigny-viry-catholique.fr\/?page_id=145"},"modified":"2017-03-11T08:27:58","modified_gmt":"2017-03-11T08:27:58","slug":"lequipe-pastorale","status":"publish","type":"page","link":"https:\/\/demos.uptitude.fr\/savviry1\/lequipe-pastorale\/","title":{"rendered":"L&rsquo;\u00e9quipe pastorale"},"content":{"rendered":"<p align=\"justify\"><span style=\"font-family: verdana,geneva,sans-serif; font-size: 16px; color: #000080;\"><span class=\"Texte_Standard\">Elle est constitu\u00e9e habituellement des pr\u00eatres en activit\u00e9 sur le secteur, des diacres et des la\u00efcs en mission dioc\u00e9saine pour le secteur. Elle doit avant tout \u00eatre un lieu de vie spirituelle et de convivialit\u00e9, mais aussi un lieu o\u00f9 les enjeux pastoraux doivent \u00eatre exprim\u00e9s et d\u00e9battus \u00e0 la lumi\u00e8re de l&rsquo;\u00c9vangile. L&rsquo;\u00c9quipe pastorale coordonne la pastorale du secteur. Elle se donne les moyens d&rsquo;une bonne communication. Elle peut \u00e9ventuellement se doter d&rsquo;un service de communication ou d&rsquo;un d\u00e9l\u00e9gu\u00e9.<\/span><\/span><\/p>\n<p><span style=\"font-family: verdana,geneva,sans-serif; font-size: 16px; color: #000080;\">Les membres de l&rsquo;\u00c9quipe Pastorale de Secteur se retrouvent r\u00e9guli\u00e8rement, dans la majorit\u00e9 des cas, une fois par mois.<\/span><\/p>\n<p><span style=\"font-family: verdana,geneva,sans-serif; font-size: 16px; color: #000080;\">Texte extrait de \u00ab\u00a0Ensemble pour la Mission\u00a0\u00bb, document de r\u00e9f\u00e9rence pour la vie pastorale du dioc\u00e8se, suite au Synode 2007<\/span><\/p>\n<p><span class=\"Texte_Standard\">\u00a0<\/span><\/p>\n<p>[Best_Wordpress_Gallery id=\u00a0\u00bb1&Prime; gal_title=\u00a0\u00bbSecteur Pastoral\u00a0\u00bb]<\/p>\n<p>&nbsp;<\/p>\n<p style=\"text-align: left;\"><span style=\"font-size: 28px;\"><strong style=\"color: #0000ff;\"><strong>LE PROJET PASTORAL\u00a0 RENOUVELE<\/strong><\/strong><\/span><\/p>\n<p>&nbsp;<\/p>\n<p><span style=\"font-size: 20px;\">L\u2019\u00e9quipe pastorale et les \u00e9quipes animatrices du secteur ont retravaill\u00e9 le projet pastoral.<br \/>\n<\/span><\/p>\n<p><span style=\"font-size: 20px;\"><img fetchpriority=\"high\" decoding=\"async\" class=\"alignleft wp-image-1193\" src=\"https:\/\/www.savigny-viry-catholique.fr\/wp-content\/uploads\/2017\/10\/Proj-Pastoral-04-300x251.jpg\" alt=\"Projet pastoral\" width=\"350\" height=\"293\" \/><\/span><\/p>\n<p><span style=\"font-size: 28px;\"><strong><span style=\"color: #0000ff;\">Pour accueillir, accompagner et cheminer<\/span><\/strong><\/span><\/p>\n<p style=\"text-align: justify;\"><span style=\"font-size: 20px;\">Nos communaut\u00e9s chr\u00e9tiennes du secteur ont mis en place un projet pastoral en lien avec les orientations dioc\u00e9saines. Elles participent aussi activement au synode en cours. Synode qui invite \u00e0 \u00e9vang\u00e9liser en prenant soin des uns et des autres, en prenant soin de la cr\u00e9ation que le Seigneur nous offre. La mise en \u0153uvre de ce projet r\u00e9nov\u00e9 et prolong\u00e9 jusqu\u2019en 2024, invite\u00a0:<\/span><\/p>\n<p style=\"text-align: justify;\"><span style=\"font-size: 20px;\">&#8211; <strong>\u00e0 faire communaut\u00e9<\/strong> en agissant pour la coh\u00e9sion. En \u00e9tant attentif \u00e0 la fois \u00e0 la proximit\u00e9 et \u00e0 la mutualisation appropri\u00e9e des comp\u00e9tences au niveau du secteur.<\/span><\/p>\n<p style=\"text-align: justify;\"><span style=\"font-size: 20px;\">&#8211; <strong>\u00e0 \u00eatre fraternel<\/strong> en soutenant des actions de solidarit\u00e9 interg\u00e9n\u00e9rationnelles, par des rencontres et des temps festifs, conviviaux . Prendre soin des personnes fragiles, en rupture et en souffrance en les orientant vers des structures adapt\u00e9es au sein ou en dehors de nos paroisses.<\/span><\/p>\n<p style=\"text-align: justify;\"><span style=\"font-size: 20px;\">&#8211; <strong>\u00e0 \u00e9vang\u00e9liser<\/strong> en investissant particuli\u00e8rement nos \u00e9nergies sur <strong>six p\u00f4les missionnaires<\/strong> ou <strong>pastoraux<\/strong> o\u00f9 nous rencontrons des personnes moins habitu\u00e9es \u00e0 nos rassemblements\u00a0: la majorit\u00e9 des parents, enfants et jeunes de <strong>l\u2019enseignement catholique<\/strong>\u00a0; les parents, enfants et jeunes dans <strong>le mouvement scouts et guides<\/strong>\u00a0; les parents, enfants et jeunes qui suivent <strong>l\u2019aum\u00f4nerie et le cat\u00e9chisme<\/strong>\u00a0; <strong>les cat\u00e9chum\u00e8nes adultes<\/strong>\u00a0; les fianc\u00e9s en <strong>pr\u00e9paration au mariage<\/strong> et <strong>les familles en deuil accompagn\u00e9es par l\u2019\u00e9quipe Esp\u00e9rance<\/strong>. La m\u00e9thode serait de viser particuli\u00e8rement deux p\u00f4les missionnaires chaque ann\u00e9e et d\u2019\u00e9valuer en fin d\u2019ann\u00e9e ce qui a pu bouger.<\/span><\/p>\n<p style=\"text-align: justify;\"><span style=\"font-size: 20px;\">&#8211; <strong>\u00e0 c\u00e9l\u00e9brer<\/strong> en soignant nos c\u00e9l\u00e9brations. Qu\u2019elles deviennent de vrais moments vivants de communion eccl\u00e9siale, de profondeur spirituelle et d\u2019ouverture d\u2019esprit \u00e0 l\u2019accueil de la diff\u00e9rence. Que l\u2019Esprit de Pentec\u00f4te habite nos c\u00e9l\u00e9brations\u00a0! Cet Esprit allie \u00e0 la fois ordre, tradition et inventivit\u00e9 dans l\u2019esprit du Concile Vatican II.<\/span><\/p>\n<p style=\"text-align: justify;\"><span style=\"font-size: 20px;\">Que la mise en \u0153uvre de ce projet pastoral r\u00e9nov\u00e9 donne un nouveau souffle \u00e0 la vie de notre secteur pastoral. Nous sommes tous, chacune et chacun, invit\u00e9s \u00e0 le promouvoir.<\/span><\/p>\n<p><span style=\"font-size: 20px;\">P\u00e8re Emmanuel BIDZOGO<\/span><\/p>\n<p>&nbsp;<\/p>\n<p>&nbsp;<\/p>\n<p><a href=\"http:\/\/www.savigny-viry-catholique.fr\/Download\/doc\/2022-04PP2018-2024-v2022.pdf\"><img decoding=\"async\" class=\"wp-image-5168 size-full alignleft\" src=\"https:\/\/www.savigny-viry-catholique.fr\/wp-content\/uploads\/2022\/01\/Proj-pastoral2022.jpg\" alt=\"\" width=\"402\" height=\"565\" \/><\/a><\/p>\n<p>&nbsp;<\/p>\n<p><span style=\"color: #993366;\"><strong><span style=\"font-size: 24px;\">\u00a0Pour T\u00e9l\u00e9charger le Projet Pastoral, cliquez sur l&rsquo;image<\/span><\/strong><\/span><\/p>\n","protected":false},"excerpt":{"rendered":"<p>Elle est constitu\u00e9e habituellement des pr\u00eatres en activit\u00e9 sur le secteur, des diacres et des la\u00efcs en mission dioc\u00e9saine pour le secteur. Elle doit avant tout \u00eatre un lieu de vie spirituelle et de convivialit\u00e9, mais aussi un lieu&hellip;<\/p>\n","protected":false},"author":990002,"featured_media":0,"parent":0,"menu_order":0,"comment_status":"closed","ping_status":"closed","template":"","meta":{"give_campaign_id":0,"footnotes":""},"class_list":["post-145","page","type-page","status-publish","hentry"],"campaignId":"","_links":{"self":[{"href":"https:\/\/demos.uptitude.fr\/savviry1\/wp-json\/wp\/v2\/pages\/145","targetHints":{"allow":["GET"]}}],"collection":[{"href":"https:\/\/demos.uptitude.fr\/savviry1\/wp-json\/wp\/v2\/pages"}],"about":[{"href":"https:\/\/demos.uptitude.fr\/savviry1\/wp-json\/wp\/v2\/types\/page"}],"author":[{"embeddable":true,"href":"https:\/\/demos.uptitude.fr\/savviry1\/wp-json\/wp\/v2\/users\/990002"}],"replies":[{"embeddable":true,"href":"https:\/\/demos.uptitude.fr\/savviry1\/wp-json\/wp\/v2\/comments?post=145"}],"version-history":[{"count":0,"href":"https:\/\/demos.uptitude.fr\/savviry1\/wp-json\/wp\/v2\/pages\/145\/revisions"}],"wp:attachment":[{"href":"https:\/\/demos.uptitude.fr\/savviry1\/wp-json\/wp\/v2\/media?parent=145"}],"curies":[{"name":"wp","href":"https:\/\/api.w.org\/{rel}","templated":true}]}}

L&rsquo;équipe pastorale

<p align="justify"><span style="font-family: verdana,geneva,sans-serif; font-size: 16px; color: #000080;"><span class="Texte_Standard">Elle est constituée habituellement des prêtres en activité sur le secteur, des diacres et des laïcs en mission diocésaine pour le secteur. Elle doit avant tout être un lieu de vie spirituelle et de convivialité, mais aussi un lieu où les enjeux pastoraux doivent être exprimés et débattus à la lumière de l&rsquo;Évangile. L&rsquo;Équipe pastorale coordonne la pastorale du secteur. Elle se donne les moyens d&rsquo;une bonne communication. Elle peut éventuellement se doter d&rsquo;un service de communication ou d&rsquo;un délégué.</span></span></p>
<p><span style="font-family: verdana,geneva,sans-serif; font-size: 16px; color: #000080;">Les membres de l&rsquo;Équipe Pastorale de Secteur se retrouvent régulièrement, dans la majorité des cas, une fois par mois.</span></p>
<p><span style="font-family: verdana,geneva,sans-serif; font-size: 16px; color: #000080;">Texte extrait de « Ensemble pour la Mission », document de référence pour la vie pastorale du diocèse, suite au Synode 2007</span></p>
<p><span class="Texte_Standard"> </span></p>
<p>[Best_Wordpress_Gallery id= »1&Prime; gal_title= »Secteur Pastoral »]</p>
<p>&nbsp;</p>
<p style="text-align: left;"><span style="font-size: 28px;"><strong style="color: #0000ff;"><strong>LE PROJET PASTORAL  RENOUVELE</strong></strong></span></p>
<p>&nbsp;</p>
<p><span style="font-size: 20px;">L’équipe pastorale et les équipes animatrices du secteur ont retravaillé le projet pastoral.<br />
</span></p>
<p><span style="font-size: 20px;"><img fetchpriority="high" decoding="async" class="alignleft wp-image-1193" src="https://www.savigny-viry-catholique.fr/wp-content/uploads/2017/10/Proj-Pastoral-04-300x251.jpg" alt="Projet pastoral" width="350" height="293" /></span></p>
<p><span style="font-size: 28px;"><strong><span style="color: #0000ff;">Pour accueillir, accompagner et cheminer</span></strong></span></p>
<p style="text-align: justify;"><span style="font-size: 20px;">Nos communautés chrétiennes du secteur ont mis en place un projet pastoral en lien avec les orientations diocésaines. Elles participent aussi activement au synode en cours. Synode qui invite à évangéliser en prenant soin des uns et des autres, en prenant soin de la création que le Seigneur nous offre. La mise en œuvre de ce projet rénové et prolongé jusqu’en 2024, invite :</span></p>
<p style="text-align: justify;"><span style="font-size: 20px;">&#8211; <strong>à faire communauté</strong> en agissant pour la cohésion. En étant attentif à la fois à la proximité et à la mutualisation appropriée des compétences au niveau du secteur.</span></p>
<p style="text-align: justify;"><span style="font-size: 20px;">&#8211; <strong>à être fraternel</strong> en soutenant des actions de solidarité intergénérationnelles, par des rencontres et des temps festifs, conviviaux . Prendre soin des personnes fragiles, en rupture et en souffrance en les orientant vers des structures adaptées au sein ou en dehors de nos paroisses.</span></p>
<p style="text-align: justify;"><span style="font-size: 20px;">&#8211; <strong>à évangéliser</strong> en investissant particulièrement nos énergies sur <strong>six pôles missionnaires</strong> ou <strong>pastoraux</strong> où nous rencontrons des personnes moins habituées à nos rassemblements : la majorité des parents, enfants et jeunes de <strong>l’enseignement catholique</strong> ; les parents, enfants et jeunes dans <strong>le mouvement scouts et guides</strong> ; les parents, enfants et jeunes qui suivent <strong>l’aumônerie et le catéchisme</strong> ; <strong>les catéchumènes adultes</strong> ; les fiancés en <strong>préparation au mariage</strong> et <strong>les familles en deuil accompagnées par l’équipe Espérance</strong>. La méthode serait de viser particulièrement deux pôles missionnaires chaque année et d’évaluer en fin d’année ce qui a pu bouger.</span></p>
<p style="text-align: justify;"><span style="font-size: 20px;">&#8211; <strong>à célébrer</strong> en soignant nos célébrations. Qu’elles deviennent de vrais moments vivants de communion ecclésiale, de profondeur spirituelle et d’ouverture d’esprit à l’accueil de la différence. Que l’Esprit de Pentecôte habite nos célébrations ! Cet Esprit allie à la fois ordre, tradition et inventivité dans l’esprit du Concile Vatican II.</span></p>
<p style="text-align: justify;"><span style="font-size: 20px;">Que la mise en œuvre de ce projet pastoral rénové donne un nouveau souffle à la vie de notre secteur pastoral. Nous sommes tous, chacune et chacun, invités à le promouvoir.</span></p>
<p><span style="font-size: 20px;">Père Emmanuel BIDZOGO</span></p>
<p>&nbsp;</p>
<p>&nbsp;</p>
<p><a href="http://www.savigny-viry-catholique.fr/Download/doc/2022-04PP2018-2024-v2022.pdf"><img decoding="async" class="wp-image-5168 size-full alignleft" src="https://www.savigny-viry-catholique.fr/wp-content/uploads/2022/01/Proj-pastoral2022.jpg" alt="" width="402" height="565" /></a></p>
<p>&nbsp;</p>
<p><span style="color: #993366;"><strong><span style="font-size: 24px;"> Pour Télécharger le Projet Pastoral, cliquez sur l&rsquo;image</span></strong></span></p>

<p>Elle est constituée habituellement des prêtres en activité sur le secteur, des diacres et des laïcs en mission diocésaine pour le secteur. Elle doit avant tout être un lieu de vie spirituelle et de convivialité, mais aussi un lieu&hellip;</p>
