{"id":6800,"date":"2017-03-11T08:16:18","date_gmt":"2017-03-11T08:16:18","guid":{"rendered":"http:\/\/www.savigny-viry-catholique.fr\/?page_id=121"},"modified":"2017-03-11T08:16:18","modified_gmt":"2017-03-11T08:16:18","slug":"temoignages","status":"publish","type":"page","link":"https:\/\/demos.uptitude.fr\/savviry1\/temoignages\/","title":{"rendered":"T\u00e9moignages et Documents"},"content":{"rendered":"<p><span style=\"color: #ff6600;\"><em><strong><span style=\"font-size: 16px;\">La rubrique \u00ab D\u00e9couvrir et Servir l&rsquo;\u00e9glise \u00bb publie des t\u00e9moignages de vie, photo et vid\u00e9o d\u2019\u00e9v\u00e9nement, d&rsquo;animation et des documents &#8230; .<\/span><\/strong><\/em><\/span><\/p>\n<p>&nbsp;<\/p>\n<p><a href=\"https:\/\/www.vatican.va\/content\/francesco\/fr\/messages\/communications\/documents\/20240124-messaggio-comunicazioni-sociali.html\"><span style=\"font-size: 16px;\"><img fetchpriority=\"high\" decoding=\"async\" class=\"size-medium wp-image-7285 alignleft\" src=\"https:\/\/www.savigny-viry-catholique.fr\/wp-content\/uploads\/2024\/05\/2024-Comm-IA-300x168.jpg\" alt=\"\" width=\"300\" height=\"168\" \/><\/span><\/a><\/p>\n<p>&nbsp;<\/p>\n<p><span style=\"font-size: 16px;\">Message duPape Fran\u00e7ois pour la journ\u00e9e mondiale des communications sociales.<\/span><\/p>\n<p>Texte \u00e0 t\u00e9l\u00e9charger\u00a0 :<\/p>\n<p><span style=\"font-size: 16px;\"><a href=\"https:\/\/www.vatican.va\/content\/francesco\/fr\/messages\/communications\/documents\/20240124-messaggio-comunicazioni-sociali.html\"><em><span style=\"color: #0000ff;\"><strong>\u00ab\u00a0Intelligence artificielle et sagesse du c\u0153ur : pour une communication pleinement humaine\u00a0\u00bb<\/strong><\/span><\/em><\/a> pour le 12 mai 2024.<\/span><\/p>\n<p>&nbsp;<\/p>\n<p>&nbsp;<\/p>\n<p>&nbsp;<\/p>\n<p><span style=\"font-size: 16px;\"><i><img decoding=\"async\" class=\"size-medium wp-image-6621 alignleft\" src=\"https:\/\/www.savigny-viry-catholique.fr\/wp-content\/uploads\/2023\/10\/Synode-synodalite2023-02-copie-300x294.jpg\" alt=\"\" width=\"300\" height=\"294\" \/>Le 4 octobre 2023 s\u2019est ouverte la premi\u00e8re session de la XVI\u00b0 Assembl\u00e9e synodale du \u00ab Synode pour une \u00c9glise synodale, Communion, Participation, Mission \u00bb. Pour ouvrir cette session, le pape Fran\u00e7ois a rappel\u00e9 qu\u2019 \u00ab un Synode n\u2019est pas un parlement, que le Synode n\u2019est pas une enqu\u00eate d\u2019opinions ; le Synode est un moment eccl\u00e9sial, et le protagoniste du Synode est l\u2019Esprit-Saint. S\u2019il n\u2019y a pas d\u2019Esprit, il n\u2019y aura pas de Synode. \u00bb\u00a0<\/i><\/span><\/p>\n<p><em><span style=\"font-size: 16px;\"><strong>Infos compl\u00e9mentaires sur le site du dioc\u00e8se <a href=\"https:\/\/evry.catholique.fr\/ouverture-de-la-premiere-session-de-lassemblee-synodale\/\">: cliqez ICI<\/a><\/strong><\/span><\/em><\/p>\n<p><span style=\"color: #0000ff;\"><strong><span style=\"font-size: 20px;\">Le mercredi 25 octobre, les 365 p\u00e8res et m\u00e8res synodaux, rassembl\u00e9s au Vatican, ont publi\u00e9 une \u00ab\u00a0Lettre au peuple de Dieu\u00a0\u00bb. <a href=\"https:\/\/www.synod.va\/es\/news\/carta-de-la-xvi-asamblea-general-ordinaria-del-sinodo-de-los-obispos-al-pueblo-de-dios.html\">D\u00e9couvrez le texte en int\u00e9gralit\u00e9 ici.<\/a><\/span><\/strong><\/span><\/p>\n<p><strong><span style=\"font-size: 20px; color: #ff6600;\">Le rapport de synth\u00e8se du 28 octobre est <a href=\"https:\/\/www.vaticannews.va\/fr\/vatican\/news\/2023-10\/synode-synodalite-document-final-synthese.html\">en ligne ICI<\/a><\/span><\/strong><\/p>\n<p>&nbsp;<\/p>\n<p><span style=\"font-size: 20px;\">En savoir plus<a href=\"https:\/\/eglise.catholique.fr\/synode-des-eveques-2024-sur-la-synodalite\/\"> ICI<\/a><\/span><\/p>\n<p>&nbsp;<\/p>\n<p>&nbsp;<\/p>\n<p>&nbsp;<\/p>\n<p><img decoding=\"async\" class=\"size-medium wp-image-6563 alignleft\" src=\"https:\/\/www.savigny-viry-catholique.fr\/wp-content\/uploads\/2023\/10\/Laudate-Deum-300x162.jpg\" alt=\"\" width=\"300\" height=\"162\" \/><\/p>\n<p>&nbsp;<\/p>\n<p>&nbsp;<\/p>\n<p><span style=\"font-size: 16px;\"><strong>Apr\u00e8s \u00a0\u00bbLaudato Si\u00a0\u00bb,\u00a0 l&rsquo;exhortation du pape Fran\u00e7ois<\/strong><\/span><\/p>\n<p><span style=\"font-size: 16px;\"><strong>parue le 4 octobre 2023 &#8211; <a href=\"https:\/\/www.vatican.va\/content\/francesco\/fr\/apost_exhortations\/documents\/20231004-laudate-deum.html\"><span style=\"color: #0000ff;\">texte \u00e0 t\u00e9l\u00e9charger ICI<\/span><\/a><\/strong><\/span><\/p>\n<p>&nbsp;<\/p>\n<p>&nbsp;<\/p>\n<p>&nbsp;<\/p>\n<p>&nbsp;<\/p>\n<p><strong><span style=\"font-size: 16px;\"><img loading=\"lazy\" decoding=\"async\" class=\"size-medium wp-image-6512 alignleft\" src=\"https:\/\/www.savigny-viry-catholique.fr\/wp-content\/uploads\/2023\/09\/JourneeMigrants-800x550-1-300x206.png\" alt=\"\" width=\"300\" height=\"206\" \/><\/span><\/strong><\/p>\n<p>&nbsp;<\/p>\n<p>&nbsp;<\/p>\n<p><strong><span style=\"font-size: 16px;\">Message du pape Fran\u00e7ois <\/span><\/strong><\/p>\n<p><strong><span style=\"font-size: 16px;\">pour la 109\u00e9me journ\u00e9e mondiale des migrants <\/span><\/strong><\/p>\n<p><strong><span style=\"font-size: 16px;\">&#8211; 24 septembre 2023\u00a0 : <a href=\"https:\/\/www.vatican.va\/content\/francesco\/fr\/messages\/migration\/documents\/20230511-world-migrants-day-2023.html\"><span style=\"color: #0000ff;\">texte \u00e0 t\u00e9l\u00e9charger ICI<\/span><\/a><\/span><\/strong><\/p>\n<p>&nbsp;<\/p>\n<p>&nbsp;<\/p>\n<p>&nbsp;<\/p>\n<p><img loading=\"lazy\" decoding=\"async\" class=\"size-medium wp-image-6576 alignleft\" src=\"https:\/\/www.savigny-viry-catholique.fr\/wp-content\/uploads\/2023\/10\/Jaidesire-dungrand-desir-papeFrancois-215x300.jpg\" alt=\"\" width=\"215\" height=\"300\" \/><\/p>\n<p>&nbsp;<\/p>\n<p>&nbsp;<\/p>\n<p>&nbsp;<\/p>\n<p>&nbsp;<\/p>\n<p><span style=\"font-size: 16px;\"><strong><span class=\"color-text\">Lettre apostolique <\/span><\/strong><strong><i><span class=\"title-1-color\">DESIDERIO DESIDERAVI\u00a0 du Pape Fran\u00e7ois<\/span><\/i><\/strong><\/span><\/p>\n<p><span style=\"font-size: 16px;\"><strong><span class=\"color-text\">sur la formation liturgique du peuple de Dieu, parue le 29 juin 2022<\/span><\/strong><\/span><\/p>\n<p><a href=\"https:\/\/www.vatican.va\/content\/francesco\/fr\/apost_letters\/documents\/20220629-lettera-ap-desiderio-desideravi.html\"><strong><span style=\"font-size: 16px; color: #0000ff;\">Texte \u00e0 t\u00e9l\u00e9charger ICI<\/span><\/strong><\/a><\/p>\n<p>&nbsp;<\/p>\n<p>&nbsp;<\/p>\n<p>&nbsp;<\/p>\n<p>&nbsp;<\/p>\n<p>&nbsp;<\/p>\n\n<h5><span style=\"font-size: 16px;\"><img loading=\"lazy\" decoding=\"async\" class=\"size-full wp-image-5147 alignleft\" src=\"https:\/\/www.savigny-viry-catholique.fr\/wp-content\/uploads\/2021\/12\/pape-message2022.jpg\" alt=\"\" width=\"300\" height=\"168\" \/><\/span><\/h5>\n<h5>\u00a0<\/h5>\n<h5><span style=\"font-size: 16px;\">Message du pape Fran\u00e7ois<\/span><\/h5>\n<h5><span style=\"font-size: 16px;\"> pour la 55 eme journ\u00e9e de la Paix &#8211; <\/span><\/h5>\n<h5><span style=\"font-size: 16px;\">1er janvier 2022 : <a href=\"http:\/\/www.savigny-viry-catholique.fr\/Download\/doc\/2021-12-30message-Pape-pour-1er-janvier2022.pdf\">texte \u00e0 t\u00e9l\u00e9charger ICI<\/a><\/span><\/h5>\n<p>&nbsp;<\/p>\n<p>&nbsp;<\/p>\n<p>&nbsp;<\/p>\n<p>&nbsp;<\/p>\n<h5><strong>E<\/strong><span style=\"background-color: #ffffff;\"><img loading=\"lazy\" decoding=\"async\" class=\"alignleft wp-image-3059\" src=\"http:\/\/www.savigny-viry-catholique.fr\/wp-content\/uploads\/2020\/10\/Encyclique-300x175.jpg\" alt=\"\" width=\"267\" height=\"146\" \/><\/span><strong>ncyclique du pape Fran\u00e7ois\u00a0 \u00ab\u00a0Fratelli Tutti\u00a0\u00bb publi\u00e9 le 4 octobre 2020<\/strong><\/h5>\n<h5>Lire et\/ou t\u00e9l\u00e9charger le <a href=\"http:\/\/www.savigny-viry-catholique.fr\/Download\/doc\/20201003_enciclica-fratelli-tutti_pape-Francois.pdf\">texte int\u00e9gral de l\u2019encyclique ici<\/a><\/h5>\n<p>&nbsp;<\/p>\n<p>&nbsp;<\/p>\n<p>&nbsp;<\/p>\n<p>&nbsp;<\/p>\n<h5><img loading=\"lazy\" decoding=\"async\" class=\" wp-image-3063 alignleft\" src=\"http:\/\/www.savigny-viry-catholique.fr\/wp-content\/uploads\/2020\/10\/SynodeDeb-300x174.jpg\" alt=\"\" width=\"214\" height=\"124\" \/>Vid\u00e9o du lancement du synode le 4 octobre 2020 &#8211; Eglise Ste Th\u00e9r\u00e8se\u00a0<\/h5>\n<p><strong><a href=\"https:\/\/www.dailymotion.com\/video\/x7wps4f\">Cliquez ici\u00a0<\/a><\/strong><\/p>\n<p>&nbsp;<\/p>\n<h5>\u00a0<\/h5>\n<h5>\u00a0<\/h5>\n<h5>\u00a0<\/h5>\n<p>\u00a0 <a href=\"https:\/\/www.youtube.com\/watch?v=OWPQa9cXAmI\"><img loading=\"lazy\" decoding=\"async\" class=\"wp-image-4538 alignleft\" src=\"https:\/\/www.savigny-viry-catholique.fr\/wp-content\/uploads\/2021\/04\/Pape-Francois-300x178.jpg\" alt=\"\" width=\"225\" height=\"116\" \/><\/a><\/p>\n<h5><span style=\"background-color: #ffffff;\">Message URBI et ORBI du pape Fran\u00e7ois pour P\u00e2ques 2021<\/span><span style=\"font-size: 24px;\">: <\/span><span style=\"font-size: 16px;\">Le pape Fran\u00e7ois appelle \u00e0 faire cesser \u00ab\u00a0le fracas des armes\u00a0\u00bb et \u00e0 partager les vaccins<\/span><\/h5>\n<p>&nbsp;<\/p>\n<p><strong><span style=\"color: #0000ff; font-size: 16px;\">Vid\u00e9o du direct de la b\u00e9n\u00e9diction Urbi et Orbi <a href=\"https:\/\/www.youtube.com\/watch?v=OWPQa9cXAmI\">ICI<\/a> <\/span><\/strong><\/p>\n<p>&nbsp;<\/p>\n<p>&nbsp;<\/p>\n<p>&nbsp;<\/p>\n<p>&nbsp;<\/p>\n<p><img loading=\"lazy\" decoding=\"async\" class=\"wp-image-4241 alignleft\" src=\"https:\/\/www.savigny-viry-catholique.fr\/wp-content\/uploads\/2021\/03\/Laudato-Si-300x174.jpg\" alt=\"\" width=\"210\" height=\"101\" \/><\/p>\n<p><span style=\"font-size: 16px;\"><strong>Les intuitions du pape <a href=\"https:\/\/croire.la-croix.com\/Definitions\/Figures-spirituelles\/Pape-Francois\" target=\"_blank\" rel=\"noopener\">F<\/a>ran\u00e7ois\u00a0sur l\u2019\u00e9cologie. <\/strong><\/span><\/p>\n<p><span style=\"font-size: 16px;\"><strong>Cette\u00a0encyclique, la premi\u00e8re sur le sujet, a \u00e9t\u00e9 promulgu\u00e9e le 18 juin 2015.\u00a0\u00a0<\/strong><\/span><\/p>\n<p>Toujours d&rsquo;actualit\u00e9, en ce car\u00eame 2021\u00a0 \u00a0<\/p>\n<p><a href=\"https:\/\/www.savigny-viry-catholique.fr\/laudato-si\/\"><strong><span style=\"color: #0000ff;\">Cliquez ici<\/span><\/strong><\/a><\/p>\n","protected":false},"excerpt":{"rendered":"<p>La rubrique \u00ab D\u00e9couvrir et Servir l&rsquo;\u00e9glise \u00bb publie des t\u00e9moignages de vie, photo et vid\u00e9o d\u2019\u00e9v\u00e9nement, d&rsquo;animation et des documents &#8230; . &nbsp; &nbsp; Message duPape Fran\u00e7ois pour la journ\u00e9e mondiale des communications sociales. Texte \u00e0 t\u00e9l\u00e9charger\u00a0 :&hellip;<\/p>\n","protected":false},"author":990002,"featured_media":0,"parent":0,"menu_order":0,"comment_status":"closed","ping_status":"closed","template":"","meta":{"give_campaign_id":0,"footnotes":""},"class_list":["post-6800","page","type-page","status-publish","hentry"],"campaignId":"","_links":{"self":[{"href":"https:\/\/demos.uptitude.fr\/savviry1\/wp-json\/wp\/v2\/pages\/6800","targetHints":{"allow":["GET"]}}],"collection":[{"href":"https:\/\/demos.uptitude.fr\/savviry1\/wp-json\/wp\/v2\/pages"}],"about":[{"href":"https:\/\/demos.uptitude.fr\/savviry1\/wp-json\/wp\/v2\/types\/page"}],"author":[{"embeddable":true,"href":"https:\/\/demos.uptitude.fr\/savviry1\/wp-json\/wp\/v2\/users\/990002"}],"replies":[{"embeddable":true,"href":"https:\/\/demos.uptitude.fr\/savviry1\/wp-json\/wp\/v2\/comments?post=6800"}],"version-history":[{"count":0,"href":"https:\/\/demos.uptitude.fr\/savviry1\/wp-json\/wp\/v2\/pages\/6800\/revisions"}],"wp:attachment":[{"href":"https:\/\/demos.uptitude.fr\/savviry1\/wp-json\/wp\/v2\/media?parent=6800"}],"curies":[{"name":"wp","href":"https:\/\/api.w.org\/{rel}","templated":true}]}}

Témoignages et Documents

<p><span style="color: #ff6600;"><em><strong><span style="font-size: 16px;">La rubrique « Découvrir et Servir l&rsquo;église » publie des témoignages de vie, photo et vidéo d’événement, d&rsquo;animation et des documents &#8230; .</span></strong></em></span></p>
<p>&nbsp;</p>
<p><a href="https://www.vatican.va/content/francesco/fr/messages/communications/documents/20240124-messaggio-comunicazioni-sociali.html"><span style="font-size: 16px;"><img fetchpriority="high" decoding="async" class="size-medium wp-image-7285 alignleft" src="https://www.savigny-viry-catholique.fr/wp-content/uploads/2024/05/2024-Comm-IA-300x168.jpg" alt="" width="300" height="168" /></span></a></p>
<p>&nbsp;</p>
<p><span style="font-size: 16px;">Message duPape François pour la journée mondiale des communications sociales.</span></p>
<p>Texte à télécharger  :</p>
<p><span style="font-size: 16px;"><a href="https://www.vatican.va/content/francesco/fr/messages/communications/documents/20240124-messaggio-comunicazioni-sociali.html"><em><span style="color: #0000ff;"><strong>« Intelligence artificielle et sagesse du cœur : pour une communication pleinement humaine »</strong></span></em></a> pour le 12 mai 2024.</span></p>
<p>&nbsp;</p>
<p>&nbsp;</p>
<p>&nbsp;</p>
<p><span style="font-size: 16px;"><i><img decoding="async" class="size-medium wp-image-6621 alignleft" src="https://www.savigny-viry-catholique.fr/wp-content/uploads/2023/10/Synode-synodalite2023-02-copie-300x294.jpg" alt="" width="300" height="294" />Le 4 octobre 2023 s’est ouverte la première session de la XVI° Assemblée synodale du « Synode pour une Église synodale, Communion, Participation, Mission ». Pour ouvrir cette session, le pape François a rappelé qu’ « un Synode n’est pas un parlement, que le Synode n’est pas une enquête d’opinions ; le Synode est un moment ecclésial, et le protagoniste du Synode est l’Esprit-Saint. S’il n’y a pas d’Esprit, il n’y aura pas de Synode. » </i></span></p>
<p><em><span style="font-size: 16px;"><strong>Infos complémentaires sur le site du diocèse <a href="https://evry.catholique.fr/ouverture-de-la-premiere-session-de-lassemblee-synodale/">: cliqez ICI</a></strong></span></em></p>
<p><span style="color: #0000ff;"><strong><span style="font-size: 20px;">Le mercredi 25 octobre, les 365 pères et mères synodaux, rassemblés au Vatican, ont publié une « Lettre au peuple de Dieu ». <a href="https://www.synod.va/es/news/carta-de-la-xvi-asamblea-general-ordinaria-del-sinodo-de-los-obispos-al-pueblo-de-dios.html">Découvrez le texte en intégralité ici.</a></span></strong></span></p>
<p><strong><span style="font-size: 20px; color: #ff6600;">Le rapport de synthèse du 28 octobre est <a href="https://www.vaticannews.va/fr/vatican/news/2023-10/synode-synodalite-document-final-synthese.html">en ligne ICI</a></span></strong></p>
<p>&nbsp;</p>
<p><span style="font-size: 20px;">En savoir plus<a href="https://eglise.catholique.fr/synode-des-eveques-2024-sur-la-synodalite/"> ICI</a></span></p>
<p>&nbsp;</p>
<p>&nbsp;</p>
<p>&nbsp;</p>
<p><img decoding="async" class="size-medium wp-image-6563 alignleft" src="https://www.savigny-viry-catholique.fr/wp-content/uploads/2023/10/Laudate-Deum-300x162.jpg" alt="" width="300" height="162" /></p>
<p>&nbsp;</p>
<p>&nbsp;</p>
<p><span style="font-size: 16px;"><strong>Après  »Laudato Si »,  l&rsquo;exhortation du pape François</strong></span></p>
<p><span style="font-size: 16px;"><strong>parue le 4 octobre 2023 &#8211; <a href="https://www.vatican.va/content/francesco/fr/apost_exhortations/documents/20231004-laudate-deum.html"><span style="color: #0000ff;">texte à télécharger ICI</span></a></strong></span></p>
<p>&nbsp;</p>
<p>&nbsp;</p>
<p>&nbsp;</p>
<p>&nbsp;</p>
<p><strong><span style="font-size: 16px;"><img loading="lazy" decoding="async" class="size-medium wp-image-6512 alignleft" src="https://www.savigny-viry-catholique.fr/wp-content/uploads/2023/09/JourneeMigrants-800x550-1-300x206.png" alt="" width="300" height="206" /></span></strong></p>
<p>&nbsp;</p>
<p>&nbsp;</p>
<p><strong><span style="font-size: 16px;">Message du pape François </span></strong></p>
<p><strong><span style="font-size: 16px;">pour la 109éme journée mondiale des migrants </span></strong></p>
<p><strong><span style="font-size: 16px;">&#8211; 24 septembre 2023  : <a href="https://www.vatican.va/content/francesco/fr/messages/migration/documents/20230511-world-migrants-day-2023.html"><span style="color: #0000ff;">texte à télécharger ICI</span></a></span></strong></p>
<p>&nbsp;</p>
<p>&nbsp;</p>
<p>&nbsp;</p>
<p><img loading="lazy" decoding="async" class="size-medium wp-image-6576 alignleft" src="https://www.savigny-viry-catholique.fr/wp-content/uploads/2023/10/Jaidesire-dungrand-desir-papeFrancois-215x300.jpg" alt="" width="215" height="300" /></p>
<p>&nbsp;</p>
<p>&nbsp;</p>
<p>&nbsp;</p>
<p>&nbsp;</p>
<p><span style="font-size: 16px;"><strong><span class="color-text">Lettre apostolique </span></strong><strong><i><span class="title-1-color">DESIDERIO DESIDERAVI  du Pape François</span></i></strong></span></p>
<p><span style="font-size: 16px;"><strong><span class="color-text">sur la formation liturgique du peuple de Dieu, parue le 29 juin 2022</span></strong></span></p>
<p><a href="https://www.vatican.va/content/francesco/fr/apost_letters/documents/20220629-lettera-ap-desiderio-desideravi.html"><strong><span style="font-size: 16px; color: #0000ff;">Texte à télécharger ICI</span></strong></a></p>
<p>&nbsp;</p>
<p>&nbsp;</p>
<p>&nbsp;</p>
<p>&nbsp;</p>
<p>&nbsp;</p>

<h5><span style="font-size: 16px;"><img loading="lazy" decoding="async" class="size-full wp-image-5147 alignleft" src="https://www.savigny-viry-catholique.fr/wp-content/uploads/2021/12/pape-message2022.jpg" alt="" width="300" height="168" /></span></h5>
<h5> </h5>
<h5><span style="font-size: 16px;">Message du pape François</span></h5>
<h5><span style="font-size: 16px;"> pour la 55 eme journée de la Paix &#8211; </span></h5>
<h5><span style="font-size: 16px;">1er janvier 2022 : <a href="http://www.savigny-viry-catholique.fr/Download/doc/2021-12-30message-Pape-pour-1er-janvier2022.pdf">texte à télécharger ICI</a></span></h5>
<p>&nbsp;</p>
<p>&nbsp;</p>
<p>&nbsp;</p>
<p>&nbsp;</p>
<h5><strong>E</strong><span style="background-color: #ffffff;"><img loading="lazy" decoding="async" class="alignleft wp-image-3059" src="http://www.savigny-viry-catholique.fr/wp-content/uploads/2020/10/Encyclique-300x175.jpg" alt="" width="267" height="146" /></span><strong>ncyclique du pape François  « Fratelli Tutti » publié le 4 octobre 2020</strong></h5>
<h5>Lire et/ou télécharger le <a href="http://www.savigny-viry-catholique.fr/Download/doc/20201003_enciclica-fratelli-tutti_pape-Francois.pdf">texte intégral de l’encyclique ici</a></h5>
<p>&nbsp;</p>
<p>&nbsp;</p>
<p>&nbsp;</p>
<p>&nbsp;</p>
<h5><img loading="lazy" decoding="async" class=" wp-image-3063 alignleft" src="http://www.savigny-viry-catholique.fr/wp-content/uploads/2020/10/SynodeDeb-300x174.jpg" alt="" width="214" height="124" />Vidéo du lancement du synode le 4 octobre 2020 &#8211; Eglise Ste Thérèse </h5>
<p><strong><a href="https://www.dailymotion.com/video/x7wps4f">Cliquez ici </a></strong></p>
<p>&nbsp;</p>
<h5> </h5>
<h5> </h5>
<h5> </h5>
<p>  <a href="https://www.youtube.com/watch?v=OWPQa9cXAmI"><img loading="lazy" decoding="async" class="wp-image-4538 alignleft" src="https://www.savigny-viry-catholique.fr/wp-content/uploads/2021/04/Pape-Francois-300x178.jpg" alt="" width="225" height="116" /></a></p>
<h5><span style="background-color: #ffffff;">Message URBI et ORBI du pape François pour Pâques 2021</span><span style="font-size: 24px;">: </span><span style="font-size: 16px;">Le pape François appelle à faire cesser « le fracas des armes » et à partager les vaccins</span></h5>
<p>&nbsp;</p>
<p><strong><span style="color: #0000ff; font-size: 16px;">Vidéo du direct de la bénédiction Urbi et Orbi <a href="https://www.youtube.com/watch?v=OWPQa9cXAmI">ICI</a> </span></strong></p>
<p>&nbsp;</p>
<p>&nbsp;</p>
<p>&nbsp;</p>
<p>&nbsp;</p>
<p><img loading="lazy" decoding="async" class="wp-image-4241 alignleft" src="https://www.savigny-viry-catholique.fr/wp-content/uploads/2021/03/Laudato-Si-300x174.jpg" alt="" width="210" height="101" /></p>
<p><span style="font-size: 16px;"><strong>Les intuitions du pape <a href="https://croire.la-croix.com/Definitions/Figures-spirituelles/Pape-Francois" target="_blank" rel="noopener">F</a>rançois sur l’écologie. </strong></span></p>
<p><span style="font-size: 16px;"><strong>Cette encyclique, la première sur le sujet, a été promulguée le 18 juin 2015.  </strong></span></p>
<p>Toujours d&rsquo;actualité, en ce carême 2021   </p>
<p><a href="https://www.savigny-viry-catholique.fr/laudato-si/"><strong><span style="color: #0000ff;">Cliquez ici</span></strong></a></p>

<p>La rubrique « Découvrir et Servir l&rsquo;église » publie des témoignages de vie, photo et vidéo d’événement, d&rsquo;animation et des documents &#8230; . &nbsp; &nbsp; Message duPape François pour la journée mondiale des communications sociales. Texte à télécharger  :&hellip;</p>
